 4/(-10)*s prime?
True
Let u be 57665/20 + 2/(-8). Suppose 2*p + 2*q - 3603 = -3*p, -q + u = 4*p. Is p a composite number?
True
Let d(g) = -4*g**2 - 55. Let j be d(23). Let h = -733 - j. Is h a composite number?
True
Let h = -162679 - -237276. Is h a prime number?
True
Is 3682 - ((-1)/(-2))/((-2)/(-4) - 1) a prime number?
False
Let a(n) be the second derivative of n**4/12 - 7*n**3/6 - 7*n**2 - 17*n. Let h be a(10). Suppose 14*r + 502 = h*r. Is r a composite number?
False
Suppose 3*z + 2319 + 36 = 0. Let q = z + 2135. Suppose -q = -2*d - 424. Is d a composite number?
False
Suppose -13799 = -10*b + 7271. Suppose 7*d - 784 - b = 0. Is d a composite number?
True
Let r(f) = 97*f - 487. Let q be r(5). Suppose 10920 = -k - 3*k. Is (q + k)*5/(-20)*1 a composite number?
False
Let c be -1 + ((-12)/(-24))/(2/(-188)). Is (-8 + 16184/c)*-6 prime?
False
Let o = -110719 - -161426. Is o prime?
True
Is (-4330870)/(-16) - (4323/264 - 16) a prime number?
True
Let t(p) = p**2 - 10*p - 31. Let y be t(13). Suppose -111 = -y*w + 249. Is 9/w - 924/(-5) composite?
True
Let g(y) = -3*y - 531*y - 718*y - 56 - 81*y. Is g(-3) a composite number?
False
Suppose -9*a + 0 = 9. Let w(o) = -5961*o. Is w(a) composite?
True
Suppose 3*w = s + 2206, 354 = -5*w - s + 4044. Suppose 2*p = 0, -2*u + 3*p = -3*u + 5. Suppose -u*i + 2692 = w. Is i prime?
False
Let r be 16/(-32)*(-4188)/2. Suppose -r = -w - 0*w. Is w a composite number?
True
Let w be ((-1)/(-2)*0)/(-2) + -1. Let r be (-3 - 0)/(w*4/8076). Is 1/(((-3)/r)/(1/(-3))) a composite number?
False
Let a be 583*(32/17 + (-6)/(-51)). Let u = a + -297. Let f = u - 472. Is f composite?
False
Suppose -62*k = -365*k + 200991111. Is k a composite number?
True
Is 3204944 + (13 - (24 - 32)) a composite number?
True
Let w(a) = 6*a**2 + a - 1. Let g be w(1). Suppose -y + 2 = -2*u + 8, 4*u + y = g. Is (-13882)/(-22)*(u - (-2)/(-2)) composite?
False
Suppose 2*a = -5*u + 750022, -48*a + 43*a + 1875123 = 4*u. Is a prime?
False
Let b(r) = 48*r**2 + 2*r + 9. Suppose 4*g - 56 = -2*m, 5*g - 73 = -8*m + 4*m. Is b(g) composite?
False
Let v(s) = -4*s**2 + 128*s - 22. Let g = 154 - 130. Is v(g) a composite number?
True
Let u(d) = -d**2 - 14*d + 19. Let z be u(-15). Let r be 21/(-28)*z*-1. Is (188 - (4 - 4)) + r composite?
False
Let b = 5467 + -3264. Is b*((-1)/(-3) + (-18)/(-27)) prime?
True
Let w be 4*30/24 - 621. Let t be 5 + -8 - w - -3. Let p = t - 237. Is p a composite number?
False
Let f = -64 + 66. Suppose 4*m - m = 2*n - 7595, n = -f*m + 3815. Is n a composite number?
True
Suppose 2*c + 4*p - 73100 = 50790, 5*p = 4*c - 247806. Is c a prime number?
True
Suppose 0 = 21*n - 55*n + 170816. Suppose -5*g = -931 - n. Is g a composite number?
True
Let n be -3939 + 1 - (-3 + 11). Is n/((-4)/(-8)*-2) composite?
True
Let m = -7 - 20. Suppose -3819*y = -3818*y - 356. Let s = y + m. Is s prime?
False
Let p = 278008 + -73079. Is p composite?
True
Let f(k) = -344*k**2 + 3*k - 1. Let y(t) = 345*t**2 - 4*t. Let z(o) = -4*f(o) - 3*y(o). Let p be (-4 - 0) + (3 - 2). Is z(p) a composite number?
True
Let c = 33 + -32. Let g be (-2)/c*(-8)/(32/812). Suppose -3*q + q = -g. Is q composite?
True
Let c(v) = v**2 + v - 14. Let y be c(-5). Is (-3)/(-2)*(y - 67584/(-9)) a composite number?
False
Suppose -3*p + 491584 = 3*g - 438080, -4*p = -4*g - 1239544. Is p composite?
True
Let b(l) = 29*l**3 + 125*l**2 - 2760*l - 35. Is b(22) a composite number?
False
Suppose -5*u - 2 = -27. Suppose -u*m = -m - 1376. Suppose -3*h + 4*h = -5*k + m, -k + 1600 = 5*h. Is h a prime number?
False
Suppose -5*b - 33 = -18. Is -14 - -3 - b - -4321 a prime number?
False
Let x = 143 - 138. Suppose 2*k + 436 = 2*t - 392, 0 = x*t - 3*k - 2080. Is t a prime number?
True
Let p be (127 - 130)*(-1)/((-6)/(-4)). Is (-343845)/(-90) - p/(-4) a composite number?
False
Suppose -6305 = 3*f - 8*f. Suppose s - 1079 - f = 0. Suppose -3*o = -5*p + s, p + 4*p - 2330 = 5*o. Is p a composite number?
True
Suppose -18*a + 35*a = 1167373. Is a prime?
True
Suppose -4*x + x = 0. Suppose -5*c - 2*g + g + 20 = x, -g = 3*c - 14. Suppose -j = -9 + c. Is j a prime number?
False
Let y = -2596 - -6069. Is y a prime number?
False
Suppose -5*r = -2*s - 13, -2*r + 5 = 15*s - 16*s. Is 2*(s + 2 - 116219/(-46)) composite?
False
Suppose 0 = -t + 7*t - 24. Suppose y - t*y = -84. Suppose -y*h = -32*h + 628. Is h a prime number?
True
Suppose -151*f = 139*f + 71526390 - 549617200. Is f composite?
False
Let y(w) = -11*w**3 + 2*w**2 + w - 39. Is y(-5) a prime number?
True
Suppose -3*p - j + 7630 = -8366, 0 = -3*p - 3*j + 15996. Suppose -10*h + 4848 + p = 0. Suppose -h = 5*d - 5493. Is d a prime number?
False
Let w be 20/(-6)*(-78)/65. Is -6 - (10459/(-4) + w/(-16)) prime?
True
Let q(w) = -24*w - 29. Let l(z) = -71*z - 88. Let s(u) = -2*u - 8. Let d be s(-8). Let h(j) = d*q(j) - 3*l(j). Is h(14) a composite number?
True
Let b = 77 + -65. Suppose 5*g = -3*d + 7, b = 4*g - 5*d - 1. Suppose 0 = -m - 0*m - 4*n + 31, 135 = 3*m - g*n. Is m prime?
True
Suppose 3*v + 3*m - 210074 - 288352 = 0, 3*v = m + 498446. Is v prime?
True
Suppose -594*n + 124 = -590*n. Suppose 44327 = -12*y + n*y. Is y composite?
False
Suppose -4*d - 5*g + 88969 = -190449, 4 = -2*g. Is d composite?
False
Suppose 0*i = 4*l - 2*i - 1044, 0 = 5*l + i - 1319. Suppose l = -3*p + 914. Suppose r - p = 4*z, r + 3*z - 434 = -r. Is r prime?
False
Suppose 142 = 7*x + 2. Let w be (-15)/25 + 92/x. Suppose -3*k + 0*k - 4*m + 358 = 0, -w*k = -m - 471. Is k prime?
False
Suppose 55*w - 211248 = 8336027. Is w prime?
False
Suppose -4*a + 103438 = 2*o, -131323 + 2024 = -5*a - 4*o. Suppose -a = -6*l - 13*l. Is l a composite number?
False
Let d = 338 + -473. Let t be 19/(-5) - (-27)/d. Is ((-2)/2)/(t/3628) a composite number?
False
Let z(o) be the third derivative of -o**6/120 - 7*o**5/20 + 2*o**3/3 + 4*o**2. Let k be z(-21). Suppose 0*y + k*y = 844. Is y a composite number?
False
Suppose -2*d = 2*d - 16. Let q = 6543 + -6541. Suppose -q*b = d*b - 4626. Is b prime?
False
Suppose -u = 4*u - 905. Let h(b) = 2*b**2 + 64*b - 17. Let o be h(-39). Suppose -o + u = -4*r. Is r composite?
True
Suppose 0 = 27*b - 688076 - 833107 - 3582816. Is b a composite number?
True
Let b = -353123 - -651396. Is b a prime number?
False
Suppose 5*s + 15*s - 217285 = 928935. Is s a composite number?
True
Let p = -124131 + 252878. Is p a composite number?
False
Suppose -3*o - 5838 = 9*g - 12*g, -5*o + g - 9730 = 0. Let p = o - -3383. Is p a prime number?
False
Let u = -8 + 5. Let s(x) = 8 + 383*x**2 - 2*x - 6*x + 12*x + 6. Is s(u) a composite number?
False
Let w(g) = 9182*g**2 - 859*g - 5105. Is w(-6) prime?
False
Suppose -14*h + 16*h = 4. Let r be (14/21)/(h/9). Is 1474 - (-6 + r - -6) composite?
False
Suppose -13*f = -5*w - 9*f + 2188, 3*f - 866 = -2*w. Suppose -w*y = -430*y - 136434. Is y composite?
False
Is (-33723)/(-36)*(3 - (-755)/3) prime?
False
Suppose -5*n - 5*m + 2072050 = 0, -n + 6*n - 5*m = 2072100. Is n composite?
True
Let t be (0*1/5)/1. Suppose -10*y + 8745 + 25145 = t. Is y a prime number?
True
Suppose 175816 = 1018*r - 1010*r. Is r a composite number?
False
Let c be 7/3*(-4)/(-14)*252. Let d be 2/(-8) + c/32. Suppose d*t - 1714 = 2581. Is t a composite number?
False
Suppose -y + 18 + 11 = 0. Suppose -25*g + y*g = 9852. Is g a prime number?
False
Let n(w) = -4*w**3 - 2*w**2 - 3*w - 2. Let o be n(-1). Suppose -2*h = -5*j + 10, -2*j - 2 = -o*j + 3*h. Suppose -363 = -j*y + 251. Is y prime?
True
Suppose 19*q - 23*q + 218 = 3*a, -254 = -4*a + 2*q. Let n = 190 - 127. Suppose -a*r = -n*r - 9219. Is r prime?
False
Let v = -1057 + -168. Let s = v - -2096. Is s a composite number?
True
Suppose -598549 = -2*o - 5*l, -3*o = -111*l + 108*l - 897918. Is o a prime number?
False
Let c(x) = 2*x**2 + 8*x + 10. Let i be c(-4). Let j(k) = 19*k + 73. Is j(i) a composite number?
False
Suppose -2*k - 11 = 2*z - k, 4*z + k = -17. Is 0 - (1 - (-6630)/z) a composite number?
True
Suppose -27*a + 35 = -100. Suppose -4*h + 629 + 4968 = v, -a*v = -5*h + 6990. Is h composite?
False
Let f(w) = 5*w**2 + 41*w + 18. Let n be f(-8). Suppose -2000 = -n*x + 2850. Is x prime?
False
Let d = -10 - -3. Let h(y) be the third derivative of 17*y**5/60 - y**4/24 - 19*y**3/6 + 3*y**2. Is h(d) prime?
True
Let k be (3 - 42/18)/(2/(-16491)). Let s = -1554